{"id":196,"date":"2015-01-30T22:10:04","date_gmt":"2015-01-30T22:10:04","guid":{"rendered":"http:\/\/www.remainder.de\/Feuerwehr\/?page_id=196"},"modified":"2018-04-26T19:10:36","modified_gmt":"2018-04-26T19:10:36","slug":"ausruestung","status":"publish","type":"page","link":"http:\/\/www.remainder.de\/Feuerwehr\/ausruestung\/","title":{"rendered":"Ausr\u00fcstung"},"content":{"rendered":"<div id=\"pl-196\"  class=\"panel-layout\" ><div id=\"pg-196-0\"  class=\"panel-grid panel-no-style\" ><div id=\"pgc-196-0-0\"  class=\"panel-grid-cell\" ><div id=\"panel-196-0-0-0\" class=\"so-panel widget widget_headline-widget panel-first-child panel-last-child\" data-index=\"0\" >\t\t<h1>Unsere Ausr\u00fcstung<\/h1>\n\t\t<div class=\"decoration\"><div class=\"decoration-inside\"><\/div><\/div>\n\t\t<h3>klein und Bescheiden, aber gut gepflegt und gut in Schuss!<\/h3>\n\t\t<\/div><\/div><\/div><div id=\"pg-196-1\"  class=\"panel-grid panel-no-style\" ><div id=\"pgc-196-1-0\"  class=\"panel-grid-cell\" ><div id=\"panel-196-1-0-0\" class=\"so-panel widget widget_black-studio-tinymce widget_black_studio_tinymce panel-first-child panel-last-child\" data-index=\"1\" ><h3 class=\"widget-title\">Unsere Pumpe &#8211; Rosenbauer FOX III<\/h3><div class=\"textwidget\"><p><img loading=\"lazy\" decoding=\"async\" src=\"http:\/\/www.remainder.de\/Feuerwehr\/wp-content\/uploads\/2016\/12\/FOXIII.jpg\" alt=\"\" width=\"600\" height=\"504\" class=\"alignnone size-full wp-image-711\" srcset=\"http:\/\/www.remainder.de\/Feuerwehr\/wp-content\/uploads\/2016\/12\/FOXIII.jpg 600w, http:\/\/www.remainder.de\/Feuerwehr\/wp-content\/uploads\/2016\/12\/FOXIII-250x210.jpg 250w\" sizes=\"auto, (max-width: 600px) 100vw, 600px\" \/><\/p>\n<p><strong>Technische Daten<\/strong><\/p>\n<p>Motor<br \/>\nBMW 2-Zylinder Viertakt-Boxermotor, 1170 ccm Hubraum, Leistung 50 kW bei 4500 min-1, Luftk\u00fchlung, elektronisch geregelte Kraftstoffeinspritzung, 20 l Treibstofftank, Superbenzin 95 ROZ, Elektrostarter<\/p>\n<p>Pumpe<br \/>\nEinstufige Kreiselpumpe aus Leichtmetall, r\u00e4umlich gekr\u00fcmmtes Laufrad und Leitapparat im Spiralgeh\u00e4use, mit Manometer saug- und druckseitig,Pumpe manuell auskuppelbar<br \/>\nMax. F\u00f6rderleistung bei 3 m Saugh\u00f6he<br \/>\n\u2022 1600 l\/min bei 10 bar<br \/>\nAnschluss saugseitig: 1 x A Storz Kupplung mit Saugsieb<br \/>\nAnschluss druckseitig: 2 x B Storz Kupplung mit Niederschraubventil <\/p>\n<p>Ansaugpumpe<br \/>\nAutomatisch gesteuerte Kolbenansaugpumpe mit manueller Abschaltm\u00f6glichkeit<br \/>\nAnsaugzeit bei 3 m Saugh\u00f6he ca. 5 sec     -    bei 7,5 m ca. 20 sec<\/p>\n<p>Abmessungen<br \/>\nL x B x H ca. 945 x 740 x 840 mm<\/p>\n<p>Gewicht<br \/>\nTrocken 150 kg, betriebsbereit ca. 167 kg (vollgetankt)<\/p>\n<\/div><\/div><\/div><div id=\"pgc-196-1-1\"  class=\"panel-grid-cell\" ><div id=\"panel-196-1-1-0\" class=\"so-panel widget widget_black-studio-tinymce widget_black_studio_tinymce panel-first-child panel-last-child\" data-index=\"2\" ><h3 class=\"widget-title\">Der Anh\u00e4nger<\/h3><div class=\"textwidget\"><p><a href=\"http:\/\/www.remainder.de\/Feuerwehr\/wp-content\/uploads\/2015\/01\/Anh\u00e4nger.jpg\"><img loading=\"lazy\" decoding=\"async\" class=\"alignnone size-full wp-image-194\" src=\"http:\/\/www.remainder.de\/Feuerwehr\/wp-content\/uploads\/2015\/01\/Anh\u00e4nger.jpg\" alt=\"Anh\u00e4nger\" width=\"383\" height=\"254\" srcset=\"http:\/\/www.remainder.de\/Feuerwehr\/wp-content\/uploads\/2015\/01\/Anh\u00e4nger.jpg 383w, http:\/\/www.remainder.de\/Feuerwehr\/wp-content\/uploads\/2015\/01\/Anh\u00e4nger-300x199.jpg 300w\" sizes=\"auto, (max-width: 383px) 100vw, 383px\" \/><\/a><\/p>\n<p>Umgebaut und seit 31.05.2013 eingeweiht.\u00a0<\/p>\n<\/div><\/div><\/div><\/div><div id=\"pg-196-2\"  class=\"panel-grid panel-no-style\" ><div id=\"pgc-196-2-0\"  class=\"panel-grid-cell\" ><div id=\"panel-196-2-0-0\" class=\"so-panel widget widget_black-studio-tinymce widget_black_studio_tinymce panel-first-child panel-last-child\" data-index=\"3\" ><h3 class=\"widget-title\">Alarmierung<\/h3><div class=\"textwidget\"><p>Die Alarmierung erfolgt bei uns per\u00a0<strong>Sirene<\/strong> und <strong>SMS<\/strong> direkt auf das Mobiltelefon.<\/p>\n<p><img loading=\"lazy\" decoding=\"async\" class=\"  aligncenter wp-image-195\" src=\"http:\/\/www.remainder.de\/Feuerwehr\/wp-content\/uploads\/2015\/01\/Sirene.jpg\" alt=\"Sirene\" width=\"142\" height=\"135\" srcset=\"http:\/\/www.remainder.de\/Feuerwehr\/wp-content\/uploads\/2015\/01\/Sirene.jpg 505w, http:\/\/www.remainder.de\/Feuerwehr\/wp-content\/uploads\/2015\/01\/Sirene-300x285.jpg 300w\" sizes=\"auto, (max-width: 142px) 100vw, 142px\" \/><img loading=\"lazy\" decoding=\"async\" class=\"wp-image-264 aligncenter\" src=\"http:\/\/www.remainder.de\/Feuerwehr\/wp-content\/uploads\/2015\/02\/smsmobile.gif\" alt=\"smsmobile\" width=\"149\" height=\"149\" \/><\/p>\n<\/div><\/div><\/div><div id=\"pgc-196-2-1\"  class=\"panel-grid-cell\" ><div id=\"panel-196-2-1-0\" class=\"so-panel widget widget_black-studio-tinymce widget_black_studio_tinymce panel-first-child panel-last-child\" data-index=\"4\" ><h3 class=\"widget-title\">Digitalfunk<\/h3><div class=\"textwidget\"><p>Die Feuerwehr ist mit 2 Digitalfunkger\u00e4ten der Fa. Motorola ausgestattet. Die technischen Details folgen noch.<\/p>\n<p><a href=\"http:\/\/www.remainder.de\/Feuerwehr\/wp-content\/uploads\/2015\/01\/tetra_hand.jpg\"><img loading=\"lazy\" decoding=\"async\" class=\"  wp-image-267 aligncenter\" src=\"http:\/\/www.remainder.de\/Feuerwehr\/wp-content\/uploads\/2015\/01\/tetra_hand.jpg\" alt=\"Digitalfunk Motorola\" width=\"76\" height=\"183\" srcset=\"http:\/\/www.remainder.de\/Feuerwehr\/wp-content\/uploads\/2015\/01\/tetra_hand.jpg 248w, http:\/\/www.remainder.de\/Feuerwehr\/wp-content\/uploads\/2015\/01\/tetra_hand-125x300.jpg 125w\" sizes=\"auto, (max-width: 76px) 100vw, 76px\" \/><\/a><\/p>\n<\/div><\/div><\/div><\/div><div id=\"pg-196-3\"  class=\"panel-grid panel-no-style\" ><div id=\"pgc-196-3-0\"  class=\"panel-grid-cell panel-grid-cell-mobile-last\" ><div id=\"panel-196-3-0-0\" class=\"so-panel widget widget_black-studio-tinymce widget_black_studio_tinymce panel-first-child panel-last-child\" data-index=\"5\" ><h3 class=\"widget-title\">Unsere alte  Pumpe &#8211; inzwischen 60 Jahre alt \ud83d\ude42<\/h3><div class=\"textwidget\"><h3><span class=\"ff2 fc0 fs16 fb \"><img loading=\"lazy\" decoding=\"async\" class=\"alignnone wp-image-200\" src=\"http:\/\/www.remainder.de\/Feuerwehr\/wp-content\/uploads\/2015\/01\/Pumpe.jpg\" alt=\"Pumpe\" width=\"364\" height=\"250\" srcset=\"http:\/\/www.remainder.de\/Feuerwehr\/wp-content\/uploads\/2015\/01\/Pumpe.jpg 647w, http:\/\/www.remainder.de\/Feuerwehr\/wp-content\/uploads\/2015\/01\/Pumpe-300x206.jpg 300w\" sizes=\"auto, (max-width: 364px) 100vw, 364px\" \/><\/span><\/h3>\n<h3><span class=\"ff2 fc0 fs16 fb \">TS 8\/8<\/span><\/h3>\n<p><span class=\"ff2 fc0 fs10 \">Baujahr: \u00a0 \u00a0 \u00a0 \u00a0 \u00a0 \u00a0 1958<\/span><span class=\"ff1 fc0 fs10 \"><br \/>\n<\/span><span class=\"ff2 fc0 fs10 \">Motor: \u00a0 \u00a0 \u00a0 \u00a0 \u00a0 \u00a0 \u00a0 \u00a0VW-Industrie-Motor<\/span><span class=\"ff1 fc0 fs10 \"><br \/>\n<\/span><span class=\"ff2 fc0 fs10 \">Pumpe: \u00a0 \u00a0 \u00a0 \u00a0 \u00a0 \u00a0 \u00a0Paul Ludwig<\/span><span class=\"ff1 fc0 fs10 \"><br \/>\n<\/span><span class=\"ff2 fc0 fs10 \">Nennleistung: \u00a0800 L\/Min bei 8 bar und 3m Ansaugh\u00f6he<\/span><\/p>\n<\/div><\/div><\/div><div id=\"pgc-196-3-1\"  class=\"panel-grid-cell panel-grid-cell-empty\" ><\/div><\/div><\/div>","protected":false},"excerpt":{"rendered":"<p>Technische Daten Motor BMW 2-Zylinder Viertakt-Boxermotor, 1170 ccm Hubraum, Leistung 50 kW bei 4500 min-1, Luftk\u00fchlung, elektronisch geregelte Kraftstoffeinspritzung, 20 l Treibstofftank, Superbenzin 95 ROZ, Elektrostarter Pumpe Einstufige Kreiselpumpe aus Leichtmetall, r\u00e4umlich gekr\u00fcmmtes Laufrad und Leitapparat im Spiralgeh\u00e4use, mit Manometer saug- und druckseitig,Pumpe manuell auskuppelbar Max. F\u00f6rderleistung bei 3 m Saugh\u00f6he \u2022 1600 l\/min bei [&hellip;]<\/p>\n","protected":false},"author":1,"featured_media":0,"parent":0,"menu_order":0,"comment_status":"closed","ping_status":"closed","template":"","meta":{"footnotes":""},"class_list":["post-196","page","type-page","status-publish","hentry","post"],"_links":{"self":[{"href":"http:\/\/www.remainder.de\/Feuerwehr\/wp-json\/wp\/v2\/pages\/196","targetHints":{"allow":["GET"]}}],"collection":[{"href":"http:\/\/www.remainder.de\/Feuerwehr\/wp-json\/wp\/v2\/pages"}],"about":[{"href":"http:\/\/www.remainder.de\/Feuerwehr\/wp-json\/wp\/v2\/types\/page"}],"author":[{"embeddable":true,"href":"http:\/\/www.remainder.de\/Feuerwehr\/wp-json\/wp\/v2\/users\/1"}],"replies":[{"embeddable":true,"href":"http:\/\/www.remainder.de\/Feuerwehr\/wp-json\/wp\/v2\/comments?post=196"}],"version-history":[{"count":15,"href":"http:\/\/www.remainder.de\/Feuerwehr\/wp-json\/wp\/v2\/pages\/196\/revisions"}],"predecessor-version":[{"id":198,"href":"http:\/\/www.remainder.de\/Feuerwehr\/wp-json\/wp\/v2\/pages\/196\/revisions\/198"}],"wp:attachment":[{"href":"http:\/\/www.remainder.de\/Feuerwehr\/wp-json\/wp\/v2\/media?parent=196"}],"curies":[{"name":"wp","href":"https:\/\/api.w.org\/{rel}","templated":true}]}}